47543052?
2, 3, 11, 32297
What are the prime factors of 35410838?
2, 17705419
List the prime factors of 39819633.
3, 7, 1896173
What are the prime factors of 3010329555?
3, 5, 31, 47, 181, 761
What are the prime factors of 2369318579?
103, 223331
What are the prime factors of 1954024233?
3, 7, 93048773
List the prime factors of 35278457.
379, 93083
What are the prime factors of 155937442?
2, 71, 1098151
List the prime factors of 688459298.
2, 61, 5643109
What are the prime factors of 445963985?
5, 31, 61, 101, 467
List the prime factors of 293296422.
2, 3, 167, 292711
List the prime factors of 531402615.
3, 5, 11808947
List the prime factors of 44481270.
2, 3, 5, 47, 31547
List the prime factors of 24144655.
5, 773, 6247
What are the prime factors of 113061252?
2, 3, 71, 132701
List the prime factors of 59867774.
2, 29, 241, 4283
What are the prime factors of 851924412?
2, 3, 7888189
List the prime factors of 1920696539.
281, 6835219
What are the prime factors of 16742550?
2, 3, 5, 11, 73, 139
List the prime factors of 1039966298.
2, 7, 23, 223, 2069
List the prime factors of 1978549840.
2, 5, 37, 107, 6247
What are the prime factors of 1403865711?
3, 19, 8209741
What are the prime factors of 635502495?
3, 5, 5261, 8053
List the prime factors of 568646934.
2, 3, 19, 4988131
List the prime factors of 54745634.
2, 911, 30047
List the prime factors of 111335367.
3, 11, 13, 23593
List the prime factors of 2284602141.
3, 83, 131, 70039
What are the prime factors of 4254978920?
2, 5, 401, 265273
What are the prime factors of 7027451?
7027451
What are the prime factors of 222336284?
2, 67, 829613
List the prime factors of 82202511.
3, 1997, 13721
What are the prime factors of 120298644?
2, 3, 103, 32443
List the prime factors of 76480092.
2, 3, 13, 19, 47, 61
List the prime factors of 457540804.
2, 7, 16340743
List the prime factors of 80199580.
2, 5, 83, 48313
List the prime factors of 334568717.
7, 227, 4297
What are the prime factors of 89722819?
1051, 85369
What are the prime factors of 1444220380?
2, 5, 17, 4247707
What are the prime factors of 82741130?
2, 5, 8274113
List the prime factors of 264491698.
2, 132245849
List the prime factors of 147053495.
5, 229, 128431
List the prime factors of 246537611.
246537611
What are the prime factors of 47937770?
2, 5, 149, 32173
What are the prime factors of 7829791?
7829791
What are the prime factors of 352009012?
2, 113, 607, 1283
List the prime factors of 998284976.
2, 13, 131, 36637
List the prime factors of 8506999570.
2, 5, 1549, 549193
What are the prime factors of 2550688730?
2, 5, 23, 11089951
List the prime factors of 195382100.
2, 5, 1953821
What are the prime factors of 540107057?
7, 263, 41911
List the prime factors of 1226357032.
2, 97, 1580357
List the prime factors of 304891678.
2, 7, 13, 907, 1847
What are the prime factors of 160002563?
7, 31, 737339
List the prime factors of 243926057.
43, 2347, 2417
List the prime factors of 79536334.
2, 39768167
What are the prime factors of 2654425323?
3, 11, 110339
What are the prime factors of 2901156702?
2, 3, 19, 71, 227, 1579
What are the prime factors of 1409999606?
2, 1913, 368531
List the prime factors of 365001993.
3, 40555777
What are the prime factors of 929276696?
2, 29, 233, 17191
What are the prime factors of 92422833?
3, 30807611
List the prime factors of 46368682.
2, 23184341
List the prime factors of 48921846.
2, 3, 19, 429139
List the prime factors of 1798228652.
2, 11, 17, 79, 30431
List the prime factors of 317807453.
43, 59, 125269
List the prime factors of 191865800.
2, 5, 7, 19, 7213
List the prime factors of 13928160.
2, 3, 5, 29017
What are the prime factors of 165451722?
2, 3, 263, 104849
List the prime factors of 1360811680.
2, 5, 47, 180959
List the prime factors of 106756455.
3, 5, 13, 23, 1831
What are the prime factors of 251216831?
149, 349, 4831
List the prime factors of 2054983814.
2, 13, 71, 15679
List the prime factors of 411407098.
2, 2939, 69991
What are the prime factors of 164839832?
2, 67, 307537
What are the prime factors of 252054274?
2, 17, 233, 31817
What are the prime factors of 1108241241?
3, 11897, 31051
List the prime factors of 5314300462.
2, 39983, 66457
List the prime factors of 37388346.
2, 3, 83, 193, 389
List the prime factors of 2567109440.
2, 5, 7, 307, 3733
List the prime factors of 211213624.
2, 101, 173, 1511
What are the prime factors of 166355360?
2, 5, 443, 2347
What are the prime factors of 99030759?
3, 37, 892169
List the prime factors of 36493385.
5, 47, 155291
List the prime factors of 1403959097.
6359, 220783
List the prime factors of 1866819937.
1866819937
List the prime factors of 3229941419.
41, 78779059
List the prime factors of 2046271306.
2, 193, 673, 7877
List the prime factors of 19560324.
2, 3, 7, 232861
What are the prime factors of 62365947?
3, 7, 2969807
What are the prime factors of 509443580?
2, 5, 19, 29, 46229
What are the prime factors of 3485142020?
2, 5, 109, 1598689
What are the prime factors of 23534967?
3, 383, 20483
What are the prime factors of 1030852102?
2, 7, 1087, 9677
List the prime factors of 714027477.
3, 238009159
List the prime factors of 1933835786.
2, 61, 79, 283, 709
List the prime factors of 8252754.
2, 3, 151, 9109
List the prime factors of 21841976.
2, 13, 210019
What are the prime factors of 1284873219?
3, 7, 23, 73, 4049
List the prime factors of 420600012.
2, 3, 7, 73, 113, 607
What are the prime factors of 440661788?
2, 7, 101, 155821
What are the prime factors of 125009772?
2, 3, 17, 43, 14251
What are the prime factors of 4414772180?
2, 5, 7, 13, 2425699
What are the prime factors of 9423998110?
2, 5, 17, 3260899
What are the prime factors of 327614921?
23, 3511, 4057
List the prime factors of 306070831.
11, 2529511
List the prime factors of 54744768.
2, 3, 13, 2437
What are the prime factors of 925610469?
3, 7, 44076689
List the prime factors of 1974039494.
2, 7, 141002821
List the prime factors of 170455200.
2, 3, 5, 71023
List the prime factors of 3754903485.
3, 5, 9743, 25693
List the prime factors of 37677644.
2, 17, 47, 11789
List the prime factors of 150910914.
2, 3, 7, 11, 31, 41, 257
List the prime factors of 35805638.
2, 11, 17, 95737
List the prime factors of 1805105007.
3, 1447, 15401
What are the prime factors of 27266710?
2, 5, 19, 143509
What are the prime factors of 3206271322?
2, 1603135661
List the prime factors of 408714906.
2, 3, 53, 1285267
What are the prime factors of 181759216?
2, 11359951
What are the prime factors of 663123160?
2, 5, 7, 2368297
List the prime factors of 186674018.
2, 311, 300119
List the prime factors of 20655284.
2, 13, 397217
What are the prime factors of 3742962?
2, 3, 19, 32833
What are the prime factors of 1261955877?
3, 7, 13, 1249, 3701
What are the prime factors of 76294413?
3, 13, 217363
What are the prime factors of 86716498?
2, 11, 131, 30089
What are the prime factors of 426412340?
2, 5, 787, 27091
What are the prime factors of 328229629?
7, 13, 109, 33091
What are the prime factors of 100834160?
2, 5, 7, 29, 887
What are the prime factors of 2677062998?
2, 17, 37, 2128031
What are the prime factors of 184641868?
2, 46160467
What are the prime factors of 164308267?
164308267
What are the prime factors of 3230139495?
3, 5, 11, 3347, 5849
List the prime factors of 120557715.
3, 5, 8037181
List the prime factors of 12925960.
2, 5, 323149
What are the prime factors of 41248619?
41248619
What are the prime factors of 123848447?
8317, 14891
What are the prime factors of 1085786430?
2, 3, 5, 17, 2128993
List the prime factors of 402411657.
3, 23, 5832053
What are the prime factors of 111128203?
23, 29, 166609
List the prime factors of 265948541.
53, 127, 39511
List the prime factors of 509626792.
2, 4139, 15391
What are the prime factors of 123045048?
2, 3, 7, 17, 4787
What are the prime factors of 2266081132?
2, 7, 19, 37, 115123
What are the prime factors of 83581834?
2, 7, 61, 97871
What are the prime factors of 136718790?
2, 3, 5, 13, 350561
List the prime factors of 104093064.
2, 3, 29, 49853
What are the prime factors of 2692220379?
3, 1367, 656479
List the prime factors of 332138435.
5, 17, 59, 103, 643
List the prime factors of 40091704.
2, 179, 27997
List the prime factors of 7